(-17).
9
Let r(v) = 271*v**2 + 1597*v - 49. Calculate r(-6).
125
Let a(j) = j**3 + 67*j**2 + 49*j + 461. Calculate a(-66).
1583
Let i(v) = 2*v**3 - 502*v**2 + 3416*v + 1. Give i(244).
1
Let h(s) = -5*s**2 - 4315*s - 364800. Calculate h(-95).
0
Let p(h) = -2*h**3 + 9*h**2 - 117*h - 1190. What is p(-9)?
2050
Let x(p) = 10*p**2 + 27*p - 52387. Determine x(71).
-60
Let x(v) = -v**2 + 138*v - 3814. Give x(38).
-14
Let l(i) = 3411*i - 382029. What is l(112)?
3
Let u(a) = -571*a**2 - 3353*a + 434. Determine u(-6).
-4
Let w(k) = 2*k**2 - 538*k + 12302. Calculate w(23).
986
Let g(d) = 126943*d + 761639. Determine g(-6).
-19
Let b(y) = -37*y**2 - 150*y + 417. What is b(-6)?
-15
Let u(o) = -3*o**3 - 965*o**2 - 12490*o + 42492. Determine u(-308).
-12
Let r(x) = 3216*x + 64307. Calculate r(-20).
-13
Let h(b) = -444323*b + 6664854. Give h(15).
9
Let t(v) = 2*v**3 - 210*v**2 + 1566*v - 54. Give t(8).
58
Let f(w) = -16851*w - 606642. Determine f(-36).
-6
Let n(f) = 2*f**3 + 25*f**2 - 1392*f - 17939. Calculate n(-13).
-12
Let b(o) = -2*o**2 - 5571*o - 27799. What is b(-5)?
6
Let x(g) = -g**3 + 259*g**2 - 11223*g + 163. What is x(55)?
-2
Let z(v) = -18*v**2 + 303*v - 68. Give z(11).
1087
Let u(c) = 592*c + 17728. Calculate u(-30).
-32
Let w(y) = -191*y - 1489. What is w(-6)?
-343
Let g(w) = -1771*w**2 - 5503*w + 5505. Determine g(1).
-1769
Let z(m) = -m**3 - 163*m**2 + 4699*m - 160. What is z(-188)?
28
Let w(s) = 233*s + 45854. Determine w(-197).
-47
Let b(p) = -6263*p + 31255. Calculate b(5).
-60
Let f(n) = 4*n**3 - 85*n - 235. Give f(-3).
-88
Let q(g) = -165*g**2 - 263*g + 1043. Give q(4).
-2649
Let u(t) = -t**3 - 50*t**2 + 1871*t + 109. Determine u(25).
9
Let y(w) = -158*w**2 + 37917*w + 371. Give y(240).
-349
Let n(p) = -50373*p + 4029865. What is n(80)?
25
Let d(k) = 3*k**2 + 9242*k + 165414. Give d(-18).
30
Let m(n) = -3*n**3 - 137*n**2 + 27*n - 4. Calculate m(-46).
870
Let n(b) = 9*b**2 - 5*b + 1023. Give n(0).
1023
Let y(m) = 2*m**2 - 1544*m - 141910. Give y(855).
20
Let z(x) = -x**3 - 11*x**2 - 113*x - 846. Calculate z(-9).
9
Let v(o) = -3*o**2 - 6416*o + 51498. What is v(8)?
-22
Let o(t) = -33*t**2 - 678*t + 334. What is o(-21)?
19
Let z(o) = 9*o**3 + 275*o**2 + 140*o - 196. Calculate z(-30).
104
Let b(h) = 12080*h + 84613. Determine b(-7).
53
Let l(x) = -5*x**3 + 6336*x**2 - 1180*x - 110243. Calculate l(1267).
-14
Let w(t) = 3*t**3 - 82*t**2 - 75*t - 8188. Give w(31).
58
Let f(q) = q**3 - 19*q**2 - 98*q - 373. Determine f(24).
155
Let j(c) = 6*c**2 + 1923*c - 5811. Give j(3).
12
Let n(s) = 60*s**2 - 16563*s + 829. Calculate n(276).
1
Let t(f) = -f**2 - 324*f - 18400. Determine t(-253).
-437
Let l(q) = -32*q**3 + 5408*q**2 - 7*q + 656. Calculate l(169).
-527
Let i(q) = 2*q**3 - 66*q**2 + 95*q - 999. Calculate i(32).
-7
Let u(p) = 316*p**3 + 2529*p**2 + 324*p + 2523. What is u(-8)?
-5
Let r(v) = -86*v - 1132. Determine r(-28).
1276
Let x(b) = -2*b**3 + 434*b**2 + 48277*b - 311. What is x(298)?
-13
Let z(k) = k**3 - 18*k**2 - 115*k - 170. What is z(21)?
-1262
Let g(q) = 12827*q - 166816. Calculate g(13).
-65
Let c(z) = -29*z + 18728. Determine c(647).
-35
Let o(m) = 4*m**3 + 28*m**2 + 6*m - 134. Give o(-5).
36
Let r(s) = -s**3 - 23*s**2 - 101*s - 57. Determine r(-8).
-209
Let v(j) = -332*j + 34237. What is v(105)?
-623
Let y(j) = 1098996*j - 4395983. What is y(4)?
1
Let i(o) = 6299*o + 2506995. What is i(-398)?
-7
Let s(o) = -o**3 - 44*o**2 - 90*o - 10. What is s(-2)?
2
Let l(d) = d**3 - 16*d**2 - 167*d + 1071. Determine l(5).
-39
Let n(c) = -13*c**2 - 368*c - 237. Give n(-29).
-498
Let h(w) = -63*w - 1613. What is h(-23)?
-164
Let f(s) = -115*s**2 - 1789*s + 8997. What is f(5)?
-2823
Let v(t) = 75*t**2 - 15000*t - 4. What is v(200)?
-4
Let g(m) = -99*m**2 - 2772*m + 5. Give g(-28).
5
Let r(x) = 6*x**2 + 425*x + 3646. Calculate r(-9).
307
Let p(k) = 17*k**3 + 40*k**2 + 20*k + 83. Give p(-5).
-1142
Let g(t) = 23102*t + 230985. Give g(-10).
-35
Let b(i) = 2*i**3 + 97*i**2 + 69*i + 193. What is b(-48)?
-815
Let k(j) = 2*j**3 - 246*j**2 + 4449*j - 84. Determine k(22).
26
Let f(l) = 122*l**2 - 35866*l - 593. Calculate f(294).
-5
Let t(p) = 490*p + 86251. Determine t(-176).
11
Let q(z) = 38*z**2 - 1379*z + 403. What is q(36)?
7
Let w(j) = 8366*j + 1991094. Calculate w(-238).
-14
Let x(t) = 2062691*t + 2062677. Calculate x(-1).
-14
Let f(m) = -8*m**2 - 37*m + 1393. What is f(-16)?
-63
Let o(j) = 27*j**2 - 72*j + 32. Give o(2).
-4
Let r(c) = -2968*c - 845864. What is r(-285)?
16
Let d(a) = -13*a**3 - 18*a**2 + 101*a + 153. What is d(-2)?
-17
Let h(m) = -4*m**2 + 2276*m - 15716. Calculate h(7).
20
Let q(v) = -v**3 + 243*v**2 - 6024*v - 483. Calculate q(28).
-595
Let z(m) = 10*m**2 - 598*m + 82. Give z(60).
202
Let n(j) = 38*j - 4861. Calculate n(142).
535
Let f(c) = 27950*c - 6204907. Give f(222).
-7
Let g(o) = o**2 + 173*o - 53270. Calculate g(-333).
10
Let w(t) = t**3 - 642*t - 3087. Calculate w(-5).
-2
Let r(m) = -27794*m + 111205. Give r(4).
29
Let c(i) = -116*i**3 - 5*i**2 + 2*i - 2. Calculate c(2).
-946
Let l(b) = -b**3 - 105*b**2 - 2621*b - 1377. Calculate l(-65).
-12
Let l(d) = 2*d**3 + 140*d**2 + 221*d - 20282. Calculate l(-66).
-20
Let h(s) = 150*s**2 - 6447*s - 121. Give h(43).
8
Let n(c) = 391*c + 8981. Give n(-23).
-12
Let l(p) = 65*p**2 + 466*p + 102. Give l(-7).
25
Let s(n) = -29767*n - 13335630. Calculate s(-448).
-14
Let l(m) = -76097*m - 380586. What is l(-5)?
-101
Let h(k) = 8137*k - 8294. Give h(1).
-157
Let g(f) = -12315*f - 49232. What is g(-4)?
28
Let h(v) = -v**2 - 1004*v - 39220. Calculate h(-41).
263
Let y(m) = -7*m**2 + 1323*m + 11183. Determine y(197).
151
Let w(h) = 6*h**2 - 6525*h + 26000. What is w(4)?
-4
Let x(l) = 127*l - 7678. Determine x(64).
450
Let m(w) = -2*w**2 - 644*w - 27650. Determine m(-271).
-8
Let w(j) = j**3 - 7*j**2 - 85*j + 255. What is w(13)?
164
Let r(k) = -k**2 + 2199*k + 30988. What is r(-14)?
6
Let x(f) = -f**3 - 6*f**2 - 132*f - 2058. Give x(-11).
-1
Let i(q) = -q**3 + 20*q**2 + 207*q + 117. Determine i(-7).
-9
Let g(i) = -2*i**3 - 321*i**2 - 8759*i + 916. Determine g(-35).
6
Let o(p) = p**3 - 300*p**2 + 2051*p + 93. Calculate o(293).
93
Let t(p) = -2*p**3 - 3101*p**2 + 18671*p + 55. What is t(6)?
13
Let o(j) = 783*j + 15550. Give o(-21).
-893
Let t(s) = 36*s**2 - 1014*s + 1993. Give t(26).
-35
Let i(k) = -10588*k + 63551. What is i(6)?
23
Let h(d) = 34*d**2 - 4541*d - 1974. Determine h(134).
36
Let r(h) = 64*h + 2188. Calculate r(-34).
12
Let n(r) = -4*r**2 + 9546*r - 57127. Give n(6).
5
Let i(c) = -64*c**2 - 335*c - 1. What is i(-4)?
315
Let w(k) = 1104*k - 82864. What is w(75)?
-64
Let w(p) = 3*p**3 + 20*p**2 - 32*p - 55. Determine w(3).
110
Let f(k) = -24*k**3 + 2110*k**2 + 68*k + 9511. Give f(88).
7
Let s(f) = -2*f**3 - 1642*f**2 + 51060*f - 70. Calculate s(-851).
-70
Let n(z) = 10*z**3 - 239*z**2 + 682*z - 16969. Give n(24).
-25
Let l(f) = -158499*f + 3645449. Determine l(23).
-28
Let c(g) = -5*g**2 - 1332*g - 67085. Determine c(-199).
-22
Let q(o) = -18895660*o + 37791323. Determine q(2).
3
Let f(m) = 2*m**3 + 16*m**2 - 101*m - 686. What is f(-8)?
122
Let c(l) = l**3 + 4*l**2 - 99*l - 555. Determine c(-5).
-85
Let c(t) = t**3 - 782*t**2 - 70874*t + 22458. What is c(864)?
-6
Let l(f) = -4040*f + 302986. Give l(75).
-14
Let f(n) = -311685*n + 1246762. What is f(4)?
22
Let l(x) = -2*x**3 - 541*x**2 + 278*x + 1793. Calculate l(-271).
-104
Let i(a) = 8*a**2 - 16956*a - 50861. Calculate i(-3).
79
Let h(f) = -f**2 + 260*f - 1336. Give h(255).
-61
Let a(q) = 4*q**2 + 675*q + 7271. What is a(-11)?
330
Let t(q) = 192978*q + 3280627. Determine t(-17).
1
Let h(g) = 3*g**2 + 39245*g + 627146. Calculate h(-16).
-6
Let b(f) = 23*f**2 - 758*f + 5263. What is b(7)?
1084
Let z(x) = -x**3 - 137*x**2 + 71*x - 9259. Calculate z(-138).
-13
Let m(j) = 7304*j**2 - 21928*j + 39. Determine m(3).
-9
Let x(s) = -4*s**2 - 2104*s + 25834. What is x(-538)?
10
Let k(r) = 5*r**3 - 899*r**2 + 2477*r + 164. Calculate k(177).
-13
Let g(q) = -5*q**3 - 3870*q**2 - 15399*q + 761. Determine g(-770).
-9
Let v(k) = 2*k**2 - 230*k + 4448. What is v(93)?
356
Let z(n) = -2*n**3 + 12*n**2 + 146*n - 763. Give z(5).
17
Let n(k) = 21*k**2 + 1078*k + 471. Give n(-51).
114
Let c(n) = -176*n + 11534. Determine c(68).
-434
Let v(q) = -3*q**2 - 422*q